/16 + 86/i. List the prime factors of 3 + (m - (-3 - -2)).
3
Suppose -2*d + 42 = -d + 5*f, 0 = 3*d - 2*f - 177. What are the prime factors of d?
3, 19
Suppose 3*u - 8 = u. Let w(g) = 5*g**2 - 2*g + 11. What are the prime factors of w(u)?
83
Let w = 19 - 21. Let o be ((-14)/3)/(w/(-102)). What are the prime factors of 11/(-22) + o/(-4)?
59
Let v(m) = 4*m**2 - 23*m - 135. List the prime factors of v(-14).
971
Suppose -7*x + 6*x = -16. Suppose -2*z = 2*z - x. Suppose d - z - 9 = 0. List the prime factors of d.
13
Suppose 26*z - 4373 = 13411. List the prime factors of z.
2, 3, 19
Suppose 3*z + 20 = 2*z + 5*y, -25 = -5*y. Suppose -z*c + 7*c = 84. List the prime factors of c.
2, 3, 7
Let l be (-9)/9*(1 + 130). Let b = l - -208. Let j = b + -51. List the prime factors of j.
2, 13
Let u(n) = 151*n**3 + 3 + 7*n**3 + 3*n - 5. List the prime factors of u(1).
3, 53
Let p be (-16)/(-6)*165/(-20). Let w be (-1)/(p/(-8) - 3). Suppose 16 = w*c, 4*c + 54 + 62 = 4*d. What are the prime factors of d?
3, 11
Suppose 0 = -12*j + 46283 - 6767. What are the prime factors of j?
37, 89
Let j(n) = -19*n - 22. Let s be j(-11). Suppose 2*o - 7*x + 6*x = 349, o = 3*x + s. List the prime factors of o.
2, 43
Let o = 25 + -27. List the prime factors of (o - -1) + 720/12.
59
Suppose -2*w + 226 = -5*q, q + 25 + 17 = 2*w. Let x = 50 - 76. Let c = x - q. List the prime factors of c.
2, 5
Let m = -237 - -245. List the prime factors of m.
2
Suppose -12*z + 4183 = -3941. Suppose 3*b - z = 4*x, 3*b - 1104 = x - 424. List the prime factors of b.
227
Suppose -6 = -6*i - 0. Let a(f) = 72*f + 1. Let c be a(i). Let r = 108 - c. List the prime factors of r.
5, 7
Suppose 9*x + 39 = 6*x. Let l = x + 69. What are the prime factors of l?
2, 7
Suppose -34*m + 4*m + 19620 = 0. List the prime factors of m.
2, 3, 109
Suppose -3*h - 4*h = 98. What are the prime factors of (-2)/(-7) - 976/h?
2, 5, 7
Let f(c) = c + 231. Let w be f(0). Let k = -151 + w. What are the prime factors of k?
2, 5
Suppose 0*k = -3*r - 4*k - 85, -104 = 4*r - 4*k. What are the prime factors of (-6)/r + (-345)/(-27)?
13
Suppose 2*a - 2194 = -5*r + 932, -2*r - a = -1250. List the prime factors of r.
2, 313
Let p be (-184)/(-10) - 12/30. Suppose -3*s - 4*k = -p, 2*s + 0*k + k - 17 = 0. Let d = s - -7. What are the prime factors of d?
17
Suppose 3*m = -5*z + 61, 5*m + 0*z - 70 = -2*z. What are the prime factors of 48/(-14)*(-19 + m)?
2, 3
Suppose 0 = 3*p + 5 - 2. Let y be 1*p*(7 - -4). Let h = y + 17. What are the prime factors of h?
2, 3
Let y = -116 - -166. What are the prime factors of y?
2, 5
Suppose -10206 = 441*d - 447*d. What are the prime factors of d?
3, 7
Let t = 885 + -236. What are the prime factors of t?
11, 59
Let p(z) = 18*z**2 + z + 65. What are the prime factors of p(7)?
2, 3, 53
What are the prime factors of (-432262)/(-69) - 14/21?
2, 3, 29
Let r(g) = 3*g**3 - 44*g - 3 - g**3 + 3*g**2 + 42*g. What are the prime factors of r(3)?
2, 3
Let d be (24 - -1)*(-14)/(-5). Let y(q) = -q**3 - 4*q**2 - 5*q + 1. Let s be y(-2). Suppose -s*p = -p - d. List the prime factors of p.
5, 7
Let z = 3026 - 1026. List the prime factors of z.
2, 5
Let d(o) = 12*o**3 + 2*o**2 - 6*o + 52. What are the prime factors of d(4)?
2, 3, 23
Suppose -5*i + 114 = -641. List the prime factors of i.
151
Let c(l) = -l + 1. Let s(i) = 26. Let v(k) = 4*c(k) - s(k). What are the prime factors of v(-25)?
2, 3, 13
Suppose 41 = -8*p - 63. Let a(n) = 0*n + 30 + 4*n - n - 4*n. What are the prime factors of a(p)?
43
Let h(x) = 270*x + 7. Let j be h(-1). Let b = j - -447. List the prime factors of b.
2, 23
Let l = 2 - -3. Suppose -2*a + 159 = l*t, -4*a - 9 - 14 = -t. What are the prime factors of t?
31
Suppose m = 5*v - 11, 3*m - 2 = -4*v + 3. Suppose 0 = -v*b, -2*z - 3*b = -3*z. Suppose z = -2*j + 12 + 26. List the prime factors of j.
19
Let y = 172 - 102. Let i = y - 13. What are the prime factors of (i/6)/(1/2)?
19
Suppose -n = 4*g - 0*g - 224, 5*n = -3*g + 1035. What are the prime factors of n?
2, 3, 17
Suppose 36*g - 13*g = 4301. List the prime factors of g.
11, 17
Let m = -1 - -4. Let v be 3*((-2)/6 + m). Let d = 21 + v. List the prime factors of d.
29
Let q(l) = 36*l + 14. Let m be q(6). Suppose 8*w - 3*w = m. List the prime factors of w.
2, 23
Let f(b) = 2*b**3 + 10 + 7*b**2 + 3*b**3 - 4*b**3. Let l = -7 - 0. What are the prime factors of f(l)?
2, 5
Suppose -3*z + 17 = -466. Suppose z = p - b - b, 3*b + 157 = p. List the prime factors of p.
13
Let a(o) = -o**2 + 23*o - 12. List the prime factors of a(16).
2, 5
Let t be (38/6)/((-2)/(-6)). Suppose 5*a - t = 3*g, 6*a = 2*g + 4*a + 6. Suppose -l = 2*f - 6*l - 94, -l - 110 = -g*f. What are the prime factors of f?
3, 19
Suppose 0 = -2*j + 5*t + 103, j + 2*j = -5*t + 217. Suppose m - 1 = -0*m, -j = -y + 5*m. What are the prime factors of y?
3, 23
Suppose -5*v + v = -108. Suppose n + h = -v + 109, -4*n + 364 = -5*h. What are the prime factors of n?
2, 43
Let z(u) = 64*u**2 - u - 2. List the prime factors of z(-2).
2
Let c be (-2724)/(-8)*-3*4/(-18). Let v = c + -55. What are the prime factors of v?
2, 43
Let r be -153 - 5 - (-2 - 0). Let b = r + 218. List the prime factors of b.
2, 31
Let i = -20 + 19. Let x be 3/i - -3 - -60. Suppose -5*o + x = -2*o. List the prime factors of o.
2, 5
Let h(i) = -6*i + 38. List the prime factors of h(-16).
2, 67
Suppose 75*l - 72*l = 12. Suppose -l*f + 53 = -659. List the prime factors of f.
2, 89
List the prime factors of -9 - (-2 - 3813 - -3).
3803
Suppose t - 4*x - 123 = -6*x, -2*t - 2*x + 242 = 0. Let f be (-15)/((-15)/400*-5). Let a = t + f. List the prime factors of a.
3, 13
Let o be (-2)/4 - 14/(-28). Suppose o = -2*d + 5*d - 504. What are the prime factors of d?
2, 3, 7
Let p(t) = -16*t**3 - 2*t**2 - 14*t. List the prime factors of p(-3).
2, 3, 19
Let u(m) = -2*m + 0*m - 1 - 3*m + 0. Let w be u(-1). Suppose -5*d + 6 + w = 0. List the prime factors of d.
2
Suppose 5*f = -2*n - 13, 0 = -4*n + n - f + 13. Let w = 32 - n. What are the prime factors of w?
2, 13
Suppose 5*u = 4*u + 93. Suppose -5*w + 4*w + 9 = 2*q, 0 = -5*w + 15. Suppose 4*j - q*a = u, j + 0*a = a + 23. List the prime factors of j.
2, 3
Let t(y) = y**3 - 9*y**2 - 3*y + 14. Let p = 25 + -14. Let k(f) = -5*f**3 + 45*f**2 + 16*f - 71. Let n(s) = p*t(s) + 2*k(s). List the prime factors of n(9).
3
Let d(j) = -1. Let n(w) = -6*w - 11. Let h(z) = 6*d(z) - n(z). List the prime factors of h(7).
47
Suppose -29 + 19 = -5*k. Suppose -k*i = 12*i - 1484. What are the prime factors of i?
2, 53
Let g = -285 - -458. Let z = g - 107. What are the prime factors of z?
2, 3, 11
Let n(l) = -l**3 + 10*l**2 - 9*l + 8. Let c(z) = 3*z. Let b be c(3). What are the prime factors of n(b)?
2
Suppose 0 = 2*h + r - 7, 13 = 3*h - r + 5. Suppose -4*d + 91 = h*d. List the prime factors of d.
13
Let p(q) = -3*q**3 - 8*q**2 - 8*q - 2. What are the prime factors of p(-6)?
2, 7, 29
Suppose -23086 = -19*a + 5*a. List the prime factors of a.
17, 97
Suppose -8*i + 13*i - 16135 = 5*o, 3*i - 9665 = -o. List the prime factors of i.
11, 293
Let s be ((-1)/(-2))/((-531)/(-266) - 2). Let r = 238 + s. What are the prime factors of r?
3, 5, 7
Suppose -4*m = 2*r - 38, 0 = -3*m + m - 5*r + 39. Suppose -201 = 4*l - m*l. What are the prime factors of l?
67
Suppose -3720 = -4*w + 3*x, 4*w = -2*x + 3720 + 20. What are the prime factors of w?
3, 311
Suppose 0 = l + 4, -80 = -6*f + 4*f + 4*l. Let t = -18 - -46. Let g = f + t. List the prime factors of g.
2, 3, 5
Let k(d) = -d**3 + 6*d**2 + 4*d. Let m be k(5). Let x = -84 + m. Let v = 65 + x. What are the prime factors of v?
2, 13
List the prime factors of (-177)/(95/12 + -8).
2, 3, 59
Suppose 3*s - 3*z + 498 = 8*s, 0 = 3*z - 3. List the prime factors of s.
3, 11
What are the prime factors of 7296/72 - (-4)/6?
2, 3, 17
Suppose -2*r = 3*k - 395, 4*r = -3*k - k + 524. Let p = 90 - k. Let l = p + 99. What are the prime factors of l?
2, 7
Let k(x) = 2*x**2 - 5*x - 57. What are the prime factors of k(17)?
2, 109
Let i(x) = x - 1. Let s(c) = 3*c - 5. Let h(u) = -6*i(u) + s(u). Let k(r) = -r - 1. Let a be k(4). What are the prime factors of h(a)?
2
Suppose 4*q - 16 = 0, 2*l + 36 = 3*q - 0. Let v be 4/((8/(-18))/(-2)). Let u = l + v. List the prime factors of u.
2, 3
Let k(s) = 5*s**2 + 10*s + 9. Let g(b) = 5*b + 58.